{"id":999,"date":"2019-03-13T10:14:37","date_gmt":"2019-03-13T10:14:37","guid":{"rendered":"https:\/\/formaciononline.nccextremadura.org\/web\/?page_id=999"},"modified":"2019-10-11T06:55:51","modified_gmt":"2019-10-11T06:55:51","slug":"administracion-electronica-para-profesionales-del-territorio","status":"publish","type":"page","link":"https:\/\/formaciononline.espaciosdigitalex.org\/web\/cursos\/administracion-electronica-para-profesionales-del-territorio\/","title":{"rendered":"Administraci\u00f3n electr\u00f3nica para profesionales del territorio"},"content":{"rendered":"<div id=\"pl-999\"  class=\"panel-layout\" ><div id=\"pg-999-0\"  class=\"panel-grid panel-no-style\" ><div id=\"pgc-999-0-0\"  class=\"panel-grid-cell\" ><div id=\"panel-999-0-0-0\" class=\"so-panel widget widget_sow-image panel-first-child\" data-index=\"0\" ><div\n\t\t\t\n\t\t\tclass=\"so-widget-sow-image so-widget-sow-image-default-8b5b6f678277-999\"\n\t\t\t\n\t\t>\n<div class=\"sow-image-container\">\n\t\t<img \n\tsrc=\"https:\/\/formaciononline.espaciosdigitalex.org\/web\/wp-content\/uploads\/2016\/03\/fonline16_cabecera_admon.png\" width=\"1656\" height=\"440\" srcset=\"https:\/\/formaciononline.espaciosdigitalex.org\/web\/wp-content\/uploads\/2016\/03\/fonline16_cabecera_admon.png 1656w, https:\/\/formaciononline.espaciosdigitalex.org\/web\/wp-content\/uploads\/2016\/03\/fonline16_cabecera_admon-300x80.png 300w, https:\/\/formaciononline.espaciosdigitalex.org\/web\/wp-content\/uploads\/2016\/03\/fonline16_cabecera_admon-768x204.png 768w, https:\/\/formaciononline.espaciosdigitalex.org\/web\/wp-content\/uploads\/2016\/03\/fonline16_cabecera_admon-1024x272.png 1024w\" sizes=\"(max-width: 1656px) 100vw, 1656px\" title=\"Administraci\u00f3n online\" alt=\"\" \t\tclass=\"so-widget-image\"\/>\n\t<\/div>\n\n<\/div><\/div><div id=\"panel-999-0-0-1\" class=\"so-panel widget widget_sow-editor panel-last-child\" data-index=\"1\" ><div\n\t\t\t\n\t\t\tclass=\"so-widget-sow-editor so-widget-sow-editor-base\"\n\t\t\t\n\t\t>\n<div class=\"siteorigin-widget-tinymce textwidget\">\n\t<p>[su_tabs]<br \/>\n<strong>[su_tab title=\"Introducci\u00f3n\"]<\/strong><br \/>\nLas Tecnolog\u00edas de la Informaci\u00f3n y la Comunicaci\u00f3n (TIC) se caracterizan por facilitar la vida de la ciudadan\u00eda proponiendo nuevas alternativas de ocio, de aprendizaje, de relaci\u00f3n e, incluso, para realizar tr\u00e1mites administrativos desde la comodidad de nuestro propio sill\u00f3n y con la confianza de hacerlo con plenas garant\u00edas de seguridad igual que si lo hici\u00e9semos personalmente.<\/p>\n<p>La incorporaci\u00f3n progresiva de las Tecnolog\u00edas de la Informaci\u00f3n y la Comunicaci\u00f3n (TIC) a las Administraciones y servicios p\u00fablicos ha dado lugar a un nuevo concepto de Administraci\u00f3n P\u00fablica: la Administraci\u00f3n Electr\u00f3nica o e-Administraci\u00f3n.<\/p>\n<p>Los objetivos de este curso de 30 horas lectivas se centran en adquirir los conceptos b\u00e1sicos relacionados con la e-Administraci\u00f3n, as\u00ed como los conocimientos t\u00e9cnicos necesarios para obtener y manejar el certificado digital en los tr\u00e1mites m\u00e1s frecuentes utilizados por la ciudadan\u00eda.[\/su_tab]<br \/>\n<strong>[su_tab title=\"Metodolog\u00eda\"]<\/strong><\/p>\n<ul>\n<li>El desarrollo de este curso es 100% online.<\/li>\n<li>Tras inscribirse, el alumno recibir\u00e1 en su correo electr\u00f3nico sus claves de acceso el d\u00eda antes de empezar el curso o cursos en los que se haya inscrito.<\/li>\n<li>Una vez acceda al Aula virtual podr\u00e1 desarrollar su formaci\u00f3n cuando desee, las 24 horas del d\u00eda, siempre que lo haga entre las fechas programadas como inicio y fin del curso.<\/li>\n<li>El alumno podr\u00e1 descargarse los materiales did\u00e1cticos, visualizar algunos en l\u00ednea o utilizar las herramientas did\u00e1cticas necesarias, como foros o mensajes, para contactar con su tutor\/a del curso.<\/li>\n<li>El curso se ha dise\u00f1ado con una estructura modulada, defini\u00e9ndose y desarroll\u00e1ndose los contenidos, recursos y pruebas de evaluaci\u00f3n conforme a esta metodolog\u00eda, de tal manera que el curso completo se integra de manera pautada en unidades did\u00e1cticas. As\u00ed, el alumno puede ir avanzando en su aprendizaje seg\u00fan vaya asimilando las unidades did\u00e1cticas que componen el curso, a su propio ritmo, entre las fechas establecidas como inicio y fin del mismo.[\/su_tab]<\/li>\n<\/ul>\n<p><strong> [su_tab title=\"Programa\"]<\/strong><\/p>\n<p><strong>UNIDAD 1 INTRODUCCI\u00d3N A LA ADMINISTRACI\u00d3N ELECTR\u00d3NICA<\/strong><br \/>\nDefinici\u00f3n. Ventajas e inconvenientes<br \/>\nPortal Web<br \/>\nRegistro electr\u00f3nico<br \/>\nConsulta electr\u00f3nica<br \/>\nLa Administraci\u00f3n electr\u00f3nica en Espa\u00f1a. Evoluci\u00f3n y situaci\u00f3n actual<br \/>\n<strong>UNIDAD 2 CONCEPTOS B\u00c1SICOS<\/strong><br \/>\nUn poco de historia<br \/>\n\u00bfQu\u00e9 es una comunicaci\u00f3n segura?<br \/>\nClaves p\u00fablicas y privadas<br \/>\nFirma digital<br \/>\nCertificado electr\u00f3nico<br \/>\n<strong>UNIDAD 3 CERTIFICADO ELECTR\u00d3NICO Y FIRMA ELECTR\u00d3NICA<\/strong><br \/>\nIdentificaci\u00f3n digital<br \/>\nCertificado de la FNMT<br \/>\nFirma digital y firma electr\u00f3nica<br \/>\n<strong>UNIDAD 4 DNI ELECTR\u00d3NICO Y SISTEMA CL@VE<\/strong><br \/>\n\u00bfC\u00f3mo utilizar el DNI electr\u00f3nico?<br \/>\nControladores \/ M\u00f3dulos criptogr\u00e1ficos<br \/>\nCl@ve<br \/>\nTipos de identificaci\u00f3n permitidos y servicios<br \/>\nCl@ve PIN<br \/>\nCl@ve permanente<br \/>\nJava<br \/>\n<strong>UNIDAD 5 REALIZAR TR\u00c1MITES ONLINE<\/strong><br \/>\n\u00bfQu\u00e9 es un tr\u00e1mite online?<br \/>\nTr\u00e1mites m\u00e1s frecuentes<\/p>\n<p>[\/su_tab]<\/p>\n<p><strong>[su_tab title=\"Destinatarios y requisitos\"]<\/strong><\/p>\n<p><strong>Destinatarios:<\/strong> agentes del territorio que trabajan por el desarrollo socioecon\u00f3mico y la mejora de la calidad de vida de las personas en Extremadura. Especialmente dirigido a:<\/p>\n<ul>\n<li>Personas que deseen ampliar sus competencias digitales para el desarrollo personal y profesional, as\u00ed como aplicar los conocimientos adquiridos de forma pr\u00e1ctica en su vida cotidiana<\/li>\n<li>Ciudadanos que quieran realizar tr\u00e1mites con la Administraci\u00f3n a trav\u00e9s de Internet, para \u00a0evitar desplazamientos y colas innecesarias<\/li>\n<\/ul>\n<p><strong>Requisitos para hacer el curso:<\/strong><\/p>\n<ul>\n<li>Disponer de certificado digital u obtenerlo durante el curso. Si con esta formacio\u0301n quieres aprender a solicitar y descargar tu certificado digital, ten en cuenta que en algu\u0301n momento, durante el desarrollo del curso, debera\u0301s desplazarte fi\u0301sicamente a tu <a href=\"http:\/\/mapaoficinascert.appspot.com\/\" target=\"_blank\" rel=\"noopener\">Oficina de Registro ma\u0301s cercana<\/a> para acreditar tu identidad.<\/li>\n<li>Disponer de un correo electr\u00f3nico activo, posibilidad de acceso a Internet y manejo del ordenador a nivel de usuario<\/li>\n<li>Tener certificado digital u obtenerlo durante el curso.<\/li>\n<li>Se utilizar\u00e1 para esta formaci\u00f3n el navegador web Mozilla Firefox o Google Chrome. Se debe tener instalado el plugin de flash para poder visualizar algunos recursos como v\u00eddeos, as\u00ed como un lector .pdf para documentos.<\/li>\n<\/ul>\n<p>[\/su_tab]<br \/>\n<!--\n<strong>[su_tab title=\"Ficha del curso\"]\n\n[caption id=\"attachment_219\" align=\"aligncenter\" width=\"150\"]<a href=\"http:\/\/formaciononline.espaciosdigitalex.org\/web\/recursos\/fichas\/admelect_ficha.pdf\"><img loading=\"lazy\" decoding=\"async\" class=\"wp-image-219 size-thumbnail\" src=\"https:\/\/formaciononline.espaciosdigitalex.org\/web\/wp-content\/uploads\/2016\/03\/admelectronica_portada-150x150.png\" alt=\"admelectronica_portada\" width=\"150\" height=\"150\" \/><\/a> Descarga la ficha del curso[\/caption]\n\n[\/su_tab]--><br \/>\n<!--\n<strong>[su_tab title=\"Inscripci\u00f3n y desarrollo\"]\n\n\n<div>\n--><br \/>\n<!--\n\n<div class=\"x-timeStamp\" style=\"text-align: center;\" title=\"15 feb 2019\"><b>Desarrollo: del 3 de abril al 8 de mayo<\/b><\/div>\n\n--><br \/>\n<!--\n\n\n<h2 style=\"text-align: center;\"><!--\n\n\n<div style=\"text-align: center; margin-top: 50px; margin-bottom: 50px;\">\n\n[su_button style=\"flat\" url=\"http:\/\/formaciononline.espaciosdigitalex.org\/web\/inscripcionpro?id_curso=15\" background=\"black\" size=\"12\" icon=\"icon: check\"]Inscribirme[\/su_button]\n\nInscripciones cerradas--><br \/>\n<!--\n\n\n<div style=\"text-align: center; margin-top: 50px; margin-bottom: 50px;\">[su_button style=\"flat\" url=\"http:\/\/formaciononline.espaciosdigitalex.org\/web\/interesados?id_curso=15\" background=\"olive\" size=\"12\" icon=\"icon: check\"]Quiero recibir informaci\u00f3n de la pr\u00f3xima convocatoria[\/su_button]\n--><br \/>\n<!--\n\n\n<h3 style=\"text-align: center; color: red;\"><strong>Inscripciones el 19 de septiembre<\/strong>\n\n\n<div style=\"text-align: center; margin-top: 50px; margin-bottom: 50px;\">[su_button style=\"flat\" url=\"http:\/\/formaciononline.espaciosdigitalex.org\/web\/interesados?id_curso=10\" background=\"olive\" size=\"12\" icon=\"icon: check\"]Quiero recibir informaci\u00f3n de la pr\u00f3xima convocatoria[\/su_button]\n--><br \/>\n[\/su_tab][\/su_tabs]<\/div>\n<\/div>\n<\/div><\/div><\/div><\/div><\/div>","protected":false},"excerpt":{"rendered":"<p>[su_tabs] [su_tab title=\u00bbIntroducci\u00f3n\u00bb] Las Tecnolog\u00edas de la Informaci\u00f3n y la Comunicaci\u00f3n (TIC) se caracterizan por facilitar la vida de la ciudadan\u00eda proponiendo nuevas alternativas de ocio, de aprendizaje, de relaci\u00f3n e, incluso, para realizar tr\u00e1mites administrativos desde la comodidad de nuestro propio sill\u00f3n y con la confianza de hacerlo con plenas garant\u00edas de seguridad igual [&hellip;]<\/p>\n","protected":false},"author":3,"featured_media":1670,"parent":53,"menu_order":0,"comment_status":"closed","ping_status":"open","template":"","meta":{"site-sidebar-layout":"default","site-content-layout":"","ast-site-content-layout":"default","site-content-style":"default","site-sidebar-style":"default","ast-global-header-display":"","ast-banner-title-visibility":"","ast-main-header-display":"","ast-hfb-above-header-display":"","ast-hfb-below-header-display":"","ast-hfb-mobile-header-display":"","site-post-title":"","ast-breadcrumbs-content":"","ast-featured-img":"","footer-sml-layout":"","ast-disable-related-posts":"","theme-transparent-header-meta":"","adv-header-id-meta":"","stick-header-meta":"","header-above-stick-meta":"","header-main-stick-meta":"","header-below-stick-meta":"","astra-migrate-meta-layouts":"default","ast-page-background-enabled":"default","ast-page-background-meta":{"desktop":{"background-color":"","background-image":"","background-repeat":"repeat","background-position":"center center","background-size":"auto","background-attachment":"scroll","background-type":"","background-media":"","overlay-type":"","overlay-color":"","overlay-opacity":"","overlay-gradient":""},"tablet":{"background-color":"","background-image":"","background-repeat":"repeat","background-position":"center center","background-size":"auto","background-attachment":"scroll","background-type":"","background-media":"","overlay-type":"","overlay-color":"","overlay-opacity":"","overlay-gradient":""},"mobile":{"background-color":"","background-image":"","background-repeat":"repeat","background-position":"center center","background-size":"auto","background-attachment":"scroll","background-type":"","background-media":"","overlay-type":"","overlay-color":"","overlay-opacity":"","overlay-gradient":""}},"ast-content-background-meta":{"desktop":{"background-color":"var(--ast-global-color-5)","background-image":"","background-repeat":"repeat","background-position":"center center","background-size":"auto","background-attachment":"scroll","background-type":"","background-media":"","overlay-type":"","overlay-color":"","overlay-opacity":"","overlay-gradient":""},"tablet":{"background-color":"var(--ast-global-color-5)","background-image":"","background-repeat":"repeat","background-position":"center center","background-size":"auto","background-attachment":"scroll","background-type":"","background-media":"","overlay-type":"","overlay-color":"","overlay-opacity":"","overlay-gradient":""},"mobile":{"background-color":"var(--ast-global-color-5)","background-image":"","background-repeat":"repeat","background-position":"center center","background-size":"auto","background-attachment":"scroll","background-type":"","background-media":"","overlay-type":"","overlay-color":"","overlay-opacity":"","overlay-gradient":""}},"slim_seo":{"title":"Administraci\u00f3n electr\u00f3nica para profesionales del territorio - Formaci\u00f3n Online","description":"[su_tabs] [su_tab title=\"Introducci\u00f3n\"] Las Tecnolog\u00edas de la Informaci\u00f3n y la Comunicaci\u00f3n (TIC) se caracterizan por facilitar la vida de la ciudadan\u00eda proponi"},"footnotes":""},"class_list":["post-999","page","type-page","status-publish","has-post-thumbnail","hentry"],"_links":{"self":[{"href":"https:\/\/formaciononline.espaciosdigitalex.org\/web\/wp-json\/wp\/v2\/pages\/999","targetHints":{"allow":["GET"]}}],"collection":[{"href":"https:\/\/formaciononline.espaciosdigitalex.org\/web\/wp-json\/wp\/v2\/pages"}],"about":[{"href":"https:\/\/formaciononline.espaciosdigitalex.org\/web\/wp-json\/wp\/v2\/types\/page"}],"author":[{"embeddable":true,"href":"https:\/\/formaciononline.espaciosdigitalex.org\/web\/wp-json\/wp\/v2\/users\/3"}],"replies":[{"embeddable":true,"href":"https:\/\/formaciononline.espaciosdigitalex.org\/web\/wp-json\/wp\/v2\/comments?post=999"}],"version-history":[{"count":26,"href":"https:\/\/formaciononline.espaciosdigitalex.org\/web\/wp-json\/wp\/v2\/pages\/999\/revisions"}],"predecessor-version":[{"id":1235,"href":"https:\/\/formaciononline.espaciosdigitalex.org\/web\/wp-json\/wp\/v2\/pages\/999\/revisions\/1235"}],"up":[{"embeddable":true,"href":"https:\/\/formaciononline.espaciosdigitalex.org\/web\/wp-json\/wp\/v2\/pages\/53"}],"wp:featuredmedia":[{"embeddable":true,"href":"https:\/\/formaciononline.espaciosdigitalex.org\/web\/wp-json\/wp\/v2\/menu-items\/1670"}],"wp:attachment":[{"href":"https:\/\/formaciononline.espaciosdigitalex.org\/web\/wp-json\/wp\/v2\/media?parent=999"}],"curies":[{"name":"wp","href":"https:\/\/api.w.org\/{rel}","templated":true}]}}